?
True
Is 72 a multiple of 36?
True
Is 1642 a multiple of 29?
False
Is 9882 a multiple of 24?
False
Does 47 divide 3713?
True
Does 83 divide 56938?
True
Is 6642 a multiple of 113?
False
Does 105 divide 4129?
False
Does 15 divide 1063?
False
Does 112 divide 39020?
False
Is 10 a factor of 140?
True
Does 38 divide 1292?
True
Is 1704 a multiple of 12?
True
Is 49 a factor of 16611?
True
Does 4 divide 36?
True
Does 6 divide 30318?
True
Is 35112 a multiple of 28?
True
Is 11 a factor of 9457?
False
Is 2 a factor of 1969?
False
Is 18343 a multiple of 50?
False
Does 9 divide 558?
True
Is 17160 a multiple of 20?
True
Is 48 a factor of 3408?
True
Is 169 a factor of 7563?
False
Is 9 a factor of 366?
False
Is 27 a factor of 15444?
True
Is 174 a factor of 8700?
True
Is 2898 a multiple of 63?
True
Does 17 divide 8299?
False
Is 7471 a multiple of 31?
True
Is 68 a factor of 14879?
False
Does 6 divide 582?
True
Is 14 a factor of 27167?
False
Is 10478 a multiple of 62?
True
Does 11 divide 5275?
False
Is 789 a multiple of 7?
False
Is 6384 a multiple of 16?
True
Does 69 divide 1203?
False
Does 28 divide 12684?
True
Does 3 divide 1926?
True
Is 61 a factor of 2745?
True
Is 5 a factor of 148?
False
Is 1722 a multiple of 42?
True
Is 4 a factor of 2684?
True
Is 34408 a multiple of 23?
True
Is 18 a factor of 1152?
True
Does 63 divide 15624?
True
Is 18 a factor of 828?
True
Is 10405 a multiple of 112?
False
Is 62 a factor of 630?
False
Does 11 divide 4477?
True
Does 37 divide 3552?
True
Does 119 divide 12551?
False
Is 13 a factor of 48516?
True
Is 32412 a multiple of 73?
True
Is 116 a factor of 31552?
True
Does 26 divide 188396?
True
Is 21186 a multiple of 22?
True
Does 9 divide 4311?
True
Does 104 divide 38745?
False
Is 764 a multiple of 17?
False
Does 7 divide 798?
True
Does 21 divide 20468?
False
Is 9 a factor of 13040?
False
Does 9 divide 7461?
True
Is 225 a multiple of 17?
False
Is 13 a factor of 55670?
False
Does 31 divide 1147?
True
Does 70 divide 1330?
True
Does 66 divide 1056?
True
Is 23 a factor of 2449?
False
Does 6 divide 3006?
True
Does 17 divide 31943?
True
Does 12 divide 2000?
False
Does 83 divide 22093?
False
Does 10 divide 910?
True
Does 20 divide 210?
False
Is 255 a multiple of 67?
False
Does 217 divide 39275?
False
Does 15 divide 2747?
False
Does 30 divide 16721?
False
Is 2825 a multiple of 113?
True
Is 3946 a multiple of 5?
False
Is 474 a multiple of 11?
False
Does 69 divide 17019?
False
Is 9830 a multiple of 58?
False
Does 75 divide 341?
False
Does 38 divide 456?
True
Is 20 a factor of 11464?
False
Does 26 divide 3796?
True
Does 12 divide 907?
False
Does 24 divide 912?
True
Is 20 a factor of 13200?
True
Is 5022 a multiple of 27?
True
Is 328 a multiple of 88?
False
Is 110 a factor of 431?
False
Is 12 a factor of 1387?
False
Is 4992 a multiple of 52?
True
Is 80 a multiple of 3?
False
Is 13 a factor of 9395?
False
Does 129 divide 24071?
False
Is 7 a factor of 293?
False
Does 12 divide 1812?
True
Is 11 a factor of 1287?
True
Is 184 a factor of 6624?
True
Is 369 a multiple of 33?
False
Does 65 divide 2481?
False
Is 7 a factor of 14?
True
Does 109 divide 3270?
True
Is 4492 a multiple of 94?
False
Is 11 a factor of 1049?
False
Is 1543 a multiple of 39?
False
Does 11 divide 2218?
False
Does 37 divide 629?
True
Is 83 a factor of 7470?
True
Is 190 a multiple of 7?
False
Is 2496 a multiple of 32?
True
Is 127 a multiple of 2?
False
Does 8 divide 486?
False
Does 40 divide 9920?
True
Is 6 a factor of 272?
False
Is 11 a factor of 12417?
False
Does 6 divide 45?
False
Does 190 divide 16049?
False
Does 60 divide 193?
False
Does 15 divide 2685?
True
Is 6 a factor of 343?
False
Is 14 a factor of 73374?
True
Is 6 a factor of 827?
False
Is 10 a factor of 25340?
True
Is 18 a factor of 5544?
True
Is 4 a factor of 419?
False
Does 26 divide 33093?
False
Does 25 divide 2650?
True
Is 48 a factor of 1724?
False
Is 34004 a multiple of 4?
True
Does 167 divide 15809?
False
Is 18691 a multiple of 12?
False
Does 195 divide 5652?
False
Is 149 a multiple of 6?
False
Does 42 divide 455?
False
Does 8 divide 54752?
True
Does 91 divide 926?
False
Does 17 divide 3746?
False
Is 3 a factor of 602?
False
Is 4260 a multiple of 12?
True
Is 21 a factor of 1659?
True
Does 7 divide 308?
True
Is 4 a factor of 10024?
True
Is 20 a factor of 473?
False
Is 802 a multiple of 3?
False
Does 8 divide 1184?
True
Is 4192 a multiple of 16?
True
Is 376 a multiple of 47?
True
Does 4 divide 20?
True
Is 571 a multiple of 7?
False
Is 62 a factor of 310?
True
Is 65 a factor of 3965?
True
Does 20 divide 1480?
True
Is 1005 a multiple of 33?
False
Does 29 divide 3799?
True
Is 17 a multiple of 2?
False
Is 248 a multiple of 31?
True
Does 139 divide 1668?
True
Is 15402 a multiple of 17?
True
Does 42 divide 887?
False
Does 37 divide 5338?
False
Does 20 divide 224?
False
Is 1409 a multiple of 5?
False
Is 8424 a multiple of 4?
True
Does 3 divide 451?
False
Is 35 a factor of 16765?
True
Is 16 a factor of 36784?
True
Is 39 a factor of 2769?
True
Does 52 divide 1144?
True
Does 43 divide 2021?
True
Does 17 divide 1130?
False
Is 520 a multiple of 20?
True
Is 1482 a multiple of 26?
True
Is 205 a multiple of 5?
True
Is 65 a factor of 3942?
False
Is 72 a factor of 2376?
True
Is 28 a factor of 44240?
True
Is 1926 a multiple of 43?
False
Is 2229 a multiple of 11?
False
Does 37 divide 2625?
False
Is 6477 a multiple of 51?
True
Does 18 divide 374?
False
Does 9 divide 1435?
False
Is 17 a factor of 43992?
False
Does 19 divide 2892?
False
Is 137826 a multiple of 38?
True
Is 25705 a multiple of 97?
True
Is 38 a factor of 2736?
True
Is 6937 a multiple of 49?
False
Is 1200 a multiple of 80?
True
Does 33 divide 1103?
False
Is 1062 a multiple of 23?
False
Is 33153 a multiple of 124?
False
Does 13 divide 5074?
False
Is 56751 a multiple of 11?
False
Is 10312 a multiple of 8?
True
Is 10 a factor of 33270?
True
Is 13 a factor of 22240?
False
Does 9 divide 890?
False
Is 446 a multiple of 8?
False
Does 12 divide 504?
True
Does 110 divide 13283?
False
Is 59 a factor of 3894?
True
Is 47 a factor of 1296?
False
Is 44 a factor of 6820?
True
Is 8 a factor of 6981?
False
Is 16 a factor of 22777?
False
Is 23640 a multiple of 20?
True
Does 110 divide 38170?
True
Is 108062 a multiple of 142?
True
Does 36 divide 864?
True
Is 93 a factor of 4102?
False
Is 31 a factor of 3072?
False
Is 810 a multiple of 5?
True
Is 6 a factor of 27343?
False
Is 26 a factor of 14248?
True
Does 2 divide 1274?
True
Is 398 a multiple of 12?
False
Is 699 a multiple of 52?
False
Does 161 divide 11431?
True
Is 39623 a multiple of 219?
False
Is 18 a factor of 22009?
False
Is 22 a factor of 62634?
True
Is 570 a multiple of 10?
True
Does 105 divide 4935?
True
Is 131 a factor of 24899?
False
Is 1623 a multiple of 13?
False
Is 59 a factor of 3127?
True
Is 28815 a multiple of 255?
True
Is 27 a factor of 1107?
True
Is 2384 a multiple of 4?
True
Does 11 divide 5302?
True
Does 118 divide 1535?
False
Is 17 a factor of 1183?
False
Is 2310 a multiple of 11?
True
Is 33 a factor of 3663?
True
Does 9 divide 193?
False
Does 126 divide 252?
True
Does 11 divide 525?
False
Does 24 divide 1104?
True
Does 33 divide 4884?
True
Is 34340 a multiple of 68?
True
Is 722 a multiple of 2?
True
Is 22 a factor of 2882?
True
Is 1491 a multiple of 9?
False
Is 9 a factor of 1073?
False
Is 220 a factor of 6820?
True
Does 23 divide 59?
False
Is 736 a multiple of 16?
True
Is 315 a multiple of 45?
True
Is 12 a factor of 48976?
False
Is 20 a factor of 40231?
False
Is 22 a factor of 836?
True
Is 4 a factor of 1273?
False
Does 20 divide 3852?
False
Is 33 a factor of 26169?
True
Is 903 a multiple of 3?
True
Does 11 divide 34720?
False
Does 33 divide 12420?
False
Does 70 divide 1636?
False
Is 153 a multiple of 37?
False
Is 189 a factor of 31336?
False
Does 9 divide 1384?
False
Does 28 divide 56?
True
Does 16 divide 736?
True
Does 81 divide 648?
True
Does 18 divide 888?
False
Is 53420 a multiple of 10?
True
Is 29 a factor of 16931?
False
Is 11232 a multiple of 72?
True
Is 4893 a multiple of 21?
True
Does 18 divide 288?
True
Is 6190 a multiple of 10?
True
Is 116 a multiple of 51?
False
Does 82 divide 6424?
False
Is 17 a factor of 459?
True
Does 109 divide 56462?
True
Does 19 divide 4142?
True
Is 1205 a multiple of 41?
False
Is